
20
Calculate -15 - (-11 + -26) - 9.
13
Calculate 17 + -11 + 5 + (10 + -7 - -3).
17
What is the value of (0 - (11 + -4)) + 16 - 41?
-32
Calculate -1 - (-23 + (-5 - -14)) - -15.
28
-48 - -57 - (-3 + 1)
11
What is 8 + 0 - (360 + -327)?
-25
Evaluate 0 - (-5 - (2 - (6 + 16))).
-15
-18 - (-39 - (6 + -7))
20
-17 - (15 - 38) - (0 - 0)
6
What is the value of (-30 - -8 - -41) + 6 + 2?
27
Evaluate 21 + -22 + -4 - (1 + -2 - 1).
-3
-35 + -46 + (-47 - -151)
23
Evaluate -34 - (-40 + 39) - -17.
-16
What is -1 - (-1 - (3 + 1))?
4
What is the value of 5 + (35 - 6) + 3 + (-8 - 2)?
27
Calculate -13 + 12 - -9 - (6 + 0).
2
What is the value of (6 - 0) + (-2 - 1) + (-129 - -126)?
0
What is the value of 6 + (6 + (-7 - 7) - 2)?
-4
-47 + 13 + 54 + 6
26
Calculate (-4 - 0) + (1 - 4) + (-36 - -33).
-10
Calculate (-46 + 49 - (-1 + 15)) + -2.
-13
What is -3 + 8 + (9 - (10 - 2)) + -16?
-10
What is 5 + 0 + -9 + -11 + -4?
-19
What is -5 + 18 + -23 + 14?
4
Evaluate (3 - 58) + 25 + 60.
30
What is (10 - (-4 + 22)) + 23 + -3 + -1?
11
(-57 - -67) + (-13 - 0)
-3
(-6 - (-4 + -1)) + (1 - 4)
-4
What is 21 + (-48 - -24) + -17?
-20
Evaluate -40 + (11 - (13 - 8)) - -7.
-27
Calculate 135 + -126 + (-1 - (1 + 14)).
-7
Evaluate 29 + -4 + 243 + -268.
0
Calculate (19 + -58 - -17) + 15.
-7
What is 5 + -1 + 6 + (-19 - -11)?
2
What is (-35 - -16) + 6 + (-4 - 0)?
-17
What is 324 + -366 + (-2 - -32)?
-12
Evaluate 16 - (4 + 3 + -11 - -10).
10
Evaluate -1 + 9 - (17 + 13 + -25).
3
9 + (12 - 25) - 4
-8
Calculate -24 - -22 - (1 - 6 - 9).
12
What is 0 - 0 - (-24 - (-40 - -6))?
-10
Calculate -1 + 13 + 2 + -1 + 146 + -142.
17
Evaluate 0 + 18 - (-9 + 22 - 0).
5
What is the value of (10 - 24) + (-10 - (2 - -4))?
-30
4 + -3 + (-1 - 0) - (-69 - -68)
1
What is the value of -8 - (-25 + 11 + 8)?
-2
-11 - (7 + -13 + 2 + 9)
-16
Evaluate 18 + (43 + -43 - (7 - -1)).
10
Calculate (-8 - 9) + (18 - 17).
-16
Evaluate 7 + 1 - (9 + 1) - 11.
-13
What is the value of (-27 + 24 - (-3 - -12)) + -9 + 1?
-20
Evaluate -3 + 2 + (-154 - -163).
8
What is -9 + (11 - -2) + (-2 - -3)?
5
Calculate -5 - (10 + -37 + 15).
7
What is 4 - 31 - (-11 + -3)?
-13
What is -64 + 63 - 0 - (0 - (-1 - 8))?
-10
Calculate -2 - -17 - (-66 + 72).
9
Calculate -4 - (-13 + 24 + -12).
-3
Evaluate 0 + (6 - 4) + (7 - -1).
10
Evaluate -11 - (8 + -24 - 4).
9
Calculate (8 - 15 - -30) + 20 + -20.
23
What is the value of -14 - (-18 - -9 - -10) - -4?
-11
What is 8 + (1 - 3 - 0) + (-3197 - -3183)?
-8
What is (11 - (11 - (-7 + (17 - 5)))) + 10?
15
(-7 - -8) + -13 - (-2 - -3)
-13
Calculate -19 + (22 + -18 - -15).
0
What is the value of 55 + -29 - (-2 + 5)?
23
(1 - (-13 + 9 - (4 - 16))) + -3
-10
What is the value of (-4 - 10) + -31 + 36?
-9
What is 1 - ((-4 - -1) + 3) - (-17 + 21)?
-3
What is 2 - (-5 - (0 - ((4 - -2) + 7)))?
-6
Calculate 3 - 1 - ((-7 - (0 + 4)) + 26).
-13
Calculate (-25 - -30 - 11) + (1 - -12).
7
Calculate -31 - (-1 + (-8 - (-13 + 14))).
-21
Evaluate -12 + 9 + -34 + 10.
-27
What is 1 + 4 + (-18 + (11 - -11) - 1)?
8
What is the value of 7 + 2 + -1 - (31 + -101 + 60)?
18
Calculate 38 + -25 + (-15 - -5) + 22.
25
Evaluate -5 - ((-5 - -7) + -9) - (24 - 33).
11
Calculate -17 + 14 + -1 + 101 + -109.
-12
What is the value of -10 - (-1 + 3) - (-199 + 193)?
-6
-3 - (-8 + -13 + 13 + (-1 - 0))
6
Evaluate 17 + -15 + 25 + (-45 - 3).
-21
Evaluate (-52 - -35) + 30 + -46.
-33
Calculate 29 + 0 - (66 - 61) - 4.
20
5 - (-8 + (-3 - -11 - 4))
9
What is 33 + -67 - 11 - -16?
-29
(4 - 8 - 4) + 17
9
Calculate 10 + 0 + (-1 - (2 - -2)) + 2.
7
What is the value of -23 + 20 + (-12 - 3)?
-18
What is the value of 17 + -12 + -1 + 7 + 1?
12
What is (-40 - -51) + -4 + 0 - (-18 - -9)?
16
Evaluate (-8 - -13) + -10 + 12 + -18.
-11
Calculate 5 + 4 + -14 - (-4 + 16).
-17
What is the value of (-38 + 15 - (-36 - -17)) + 7 + 1?
4
Calculate 6 - (-2 - ((9 - 10) + 3)) - -10.
20
Evaluate 2 + 0 + -11 + (-7 - (-4 - 39)).
27
Calculate 11 + (-70 + 10 - -38).
-11
Calculate (-1 - 18) + (18 - 16 - -5).
-12
What is the value of 40 + (-3 - 13) + (-13 - -17)?
28
Calculate (46 - 45) + 6 + (-1 - 0).
6
What is the value of (-16 - (-29 - -17)) + 9?
5
What is -1 + (4 - (8 + -3)) + 24 + -24?
-2
Calculate -9 - (-1 + 12 + -9 - -9).
-20
Evaluate (4 - (0 + 2)) + 42 + -32.
12
Calculate (-2 - -9 - 14 - -17) + -12.
-2
Calculate -21 - (12 + -24) - 4.
-13
Calculate (3 - 7) + 2 + -13 + 8 + -3.
-10
What is the value of (5 - 33) + 29 - (-5 - (-1 + 1))?
6
What is the value of (-16 - -7 - -27) + -13?
5
2 - -17 - (-29 + 21 + 2 + 7)
18
What is (5 - (13 - 11)) + 22?
25
-12 + -1 + (5 + -14 - -13)
-9
What is -7 + (-5 - (-135 - -133 - (-1 + 1)))?
-10
What is the value of 9 + 3 + -9 + -5 - (-11 - 1)?
10
Evaluate (24 - 7) + -15 + 10 + -2.
10
What is -2 - -32 - (10 - -21)?
-1
What is the value of (-86 - -91 - (-1 - 1) - -7) + -3?
11
Evaluate -601 + 598 + (20 - (3 + (-3 - -2))).
15
-3 + (-10 - -4 - 2)
-11
-30 + 3 + (11 - (12 - 7))
-21
Evaluate (1 - 3) + 5 + 6 - -2.
11
Calculate (-2 - 2) + -5 + (6 - (2 - -15)).
-20
What is -4 + ((-3 - -13) + -13 - -8)?
1
What is (-11 - -12) + 4 - (14 + 3)?
-12
Evaluate -15 - -4 - (-2 - -16 - 11).
-14
Evaluate (-2 - -1 - -8) + -84 + (6 - -86).
15
What is -1 + -4 + (8 - -9) + -17?
-5
What is 0 + 0 - 3 - (-878 - -888)?
-13
Evaluate -16 + -1 - (-11 - (-43 - -22)).
-27
What is the value of (1 - -3) + -6 - (-22 + 23)?
-3
36 + 14 + -20 - 1
29
Calculate 5 + (3 - -2) + -14 + 1 - -6.
3
What is (-2 - (19 + -17)) + -3?
-7
Calculate -2 + -15 - (-10 + -18).
11
-4 - -1 - (-12 - -21 - 0)
-12
-4 + 16 + -4 + -33
-25
-1 - -5 - -1 - (2 - 7)
10
What is (6 + 2 - -2 - -1) + (78 - 59)?
30
-17 - -45 - (-3 - -2 - 1 - -9)
21
Calculate 6 + 45 + -33 - 44.
-26
4 + -11 + -3 + -6 + -1
-17
Evaluate -7 + -11 + (27 - (-7 + -5)).
21
Evaluate 25 + -3 + (9 - 11).
20
1 + -14 + 21 + (0 - 12)
-4
673 + -684 - (1 - (1 - -9))
-2
Calculate -36 + -21 + 13 + 24.
-20
Evaluate (27 + -11 - 20) + (-5 - -2) + -13.
-20
Evaluate (-7 - -16) + 4 + 1 + -3.
11
What is (22 - (-7 + 28)) + -14?
-13
Evaluate -90 + 50 - (-4 - (2 - (2 + -2))).
-34
Calculate -8 - -23 - 9 - 11 - (-2 - -9).
-12
Calculate 7 + -20 - (193 - 208).
2
Calculate (13 - 13) + -10 + 17.
7
What is the value of -18 - (8 + 33 - 80)?
21
-11 + (-2 - (-10 - 8))
5
Calculate -16 + 12 - -3 - 10.
-11
What is the value of (27 - 30) + 0 + -3?
-6
3 + (-13 - ((-10 - 4) + 8))
-4
Calculate (-1 - -17) + (-152 - -120).
-16
Evaluate -121 + 115 + 18 + -2 + -4 + 2.
8
Evaluate -11 + 7 + -4 + -4 + -1.
-13
-14 + (0 - (-14 + 0 - 12))
12
What is the value of -4 + 93 + -82 + (-1 - -3)?
9
Calculate -9 - (-12 - (-3 - -3)) - -14.
17
Calculate 7 - (-1 + -10 - (1 + -17)) - 28.
-26
Calculate -3 - (-6 + 8 + -5 - (-18 - -10)).
-8
What is the value of -29 + -3 + 178 + -174?
-28
What is the value of -3 + 27 + 32 + -44?
12
Calculate 17 + -2 + (-3 - (-7 - -3)).
16
Evaluate 5 + -34 + 43 + -3.
11
Calculate 114 - 101 - (-6 - -4).
15
What is the value of 0 - 0 - (-78 - -68) - -15?
25
Evaluate ((-10 - -2) + 2 - (3 + -2)) + 15.
8
What is 416 - 399 - (-13 + (0 - (0 + -3)))?
27
Evaluate 16 + -52 + 37 + -18 + -17.
-34
Calculate 27 + (-11 - -11) + 9 - 10.
26
0 + 1 - (42 - 37) - 1
-5
What is the value of (1 - 0 - (-24 + 21)) + 4 + -38?
-30
Calculate (-14 - 17) + 10 - -19.
-2
What is the value of (2 + -13 - (-1 - -2)) + 30?
18
What is the value of 21 + (-9 - -4) + (-4 + 5 - 7)?
10
Calculate -6 + (-2 - -10 - (7 + 25)) - -2.
-28
(-23 - (2 - -1)) + (9 - 11) - -9
-19
What is 19 + (-24 - -19) + 8 + -12?
10
Calculate -14 - (-3 + -5 + -12).
6
Calculate -4 + 34 + -144 + 87.
-27
0 - 16 - -13 - 14
-17
What is the value of 4 + 1 - (-3 + 10)?
-2
What is -30 + -6 + 22 + 2?
-12
Evaluate -12 + -9 + 6 + 5 + -1 + -8.
-19
What is (3 - 2) + -6 + (0 - 6 - 3)?
-14
What is (5 - -7 - 9) + 1 + (-5 - -4)?
3
Calculate 0 + -3 - (-4 + -23 - -27).
-3
0 - (0 + -7) - 21 - 1 - 1
-16
What is -1 + 4 - (2 + -3 + -13)?
17
What is the value of -10 + (11 - (9 - (12 - 12)))?
-8
What is 0 + 10 - (-4 + 24 + 6)?
-16
Evaluate -5 - 7 - -16 - 6.
-2
Calculate -2 - -15 - 30 - -28.
11
What is (-22 - -5) + 53 + -22?
14
-17 + 7 + 3 - (-7 - 2)
2
Evaluate 4 - (-4 + (8 - 4) - (9 - 4)).
9
Calculate (14 - (2 - -1)) + -15.
-4
What is the value of (10 - -10 - 9 - 11) + 0 + 9?
9
What is the value of (-10 - -1) + 12 + 5 + -7?
1
What is -1 - (16 - (-11 - -25))?
-3
What is the value of -11 - (2 + -12 - (